e prime factors of 1149357180.
2, 3, 5, 19155953
List the prime factors of 64949079.
3, 13, 23, 61, 1187
What are the prime factors of 649653097?
89, 313, 23321
List the prime factors of 798866740.
2, 5, 7, 73, 78167
What are the prime factors of 5043529651?
19, 265448929
List the prime factors of 447986592.
2, 3, 163, 3181
List the prime factors of 199366797.
3, 7, 31, 306247
What are the prime factors of 280513895?
5, 53, 1058543
List the prime factors of 84251098.
2, 42125549
List the prime factors of 548780572.
2, 19, 29, 41, 6073
List the prime factors of 4233555661.
19, 241, 48661
What are the prime factors of 5517157732?
2, 59, 23377787
List the prime factors of 61629909.
3, 11, 1867573
List the prime factors of 95268838.
2, 7, 972131
What are the prime factors of 1883638572?
2, 3, 1693, 92717
List the prime factors of 12550940.
2, 5, 627547
List the prime factors of 377964117.
3, 41, 421, 811
What are the prime factors of 711953212?
2, 177988303
What are the prime factors of 2537326995?
3, 5, 7, 23, 137, 7669
What are the prime factors of 479766884?
2, 127, 953, 991
List the prime factors of 67029943.
47, 1426169
What are the prime factors of 80345750?
2, 5, 321383
List the prime factors of 43804088.
2, 73, 107, 701
List the prime factors of 573830396.
2, 239, 600241
List the prime factors of 2541329450.
2, 5, 11, 29, 137, 1163
List the prime factors of 20247782.
2, 17, 595523
What are the prime factors of 4510737151?
4510737151
What are the prime factors of 10327648?
2, 67, 4817
What are the prime factors of 1150611399?
3, 7, 197, 10301
List the prime factors of 227819351.
227819351
What are the prime factors of 4099654819?
13, 315358063
List the prime factors of 790307920.
2, 5, 149, 66301
List the prime factors of 394545708.
2, 3, 3653201
List the prime factors of 131094003.
3, 43698001
What are the prime factors of 739977801?
3, 246659267
List the prime factors of 1585541228.
2, 101, 1223, 3209
What are the prime factors of 3355886557?
3355886557
List the prime factors of 755983862.
2, 491, 641, 1201
What are the prime factors of 1119125963?
17, 65830939
List the prime factors of 249583823.
151, 1652873
List the prime factors of 156657619.
97, 1615027
What are the prime factors of 1647917317?
23, 71648579
What are the prime factors of 3568468713?
3, 1189489571
List the prime factors of 73064964.
2, 3, 7, 71, 12251
List the prime factors of 204156499.
204156499
List the prime factors of 3082872087.
3, 342541343
What are the prime factors of 89274865?
5, 239, 74707
What are the prime factors of 99014670?
2, 3, 5, 366721
What are the prime factors of 87892052?
2, 2063, 10651
List the prime factors of 2667588.
2, 3, 7, 11, 2887
List the prime factors of 1171362714.
2, 3, 31, 6297649
List the prime factors of 24791779.
43, 576553
What are the prime factors of 76745827?
947, 81041
What are the prime factors of 263341955?
5, 1093, 48187
List the prime factors of 3699378825.
3, 5, 49325051
List the prime factors of 242747173.
19, 12776167
What are the prime factors of 1181707575?
3, 5, 73, 101, 2137
What are the prime factors of 617269537?
1297, 475921
List the prime factors of 3550736.
2, 7, 647
What are the prime factors of 470432769?
3, 2137, 73379
What are the prime factors of 1007497475?
5, 277, 145487
What are the prime factors of 9022988128?
2, 7, 11, 19, 37, 5209
What are the prime factors of 13092274?
2, 13, 503549
What are the prime factors of 15748977?
3, 5249659
List the prime factors of 348357532.
2, 87089383
List the prime factors of 5989643158.
2, 2994821579
List the prime factors of 18468300.
2, 3, 5, 61561
What are the prime factors of 58890202?
2, 7, 4206443
What are the prime factors of 176255796?
2, 3, 17, 43, 71, 283
What are the prime factors of 22229785?
5, 37, 107, 1123
What are the prime factors of 1973160695?
5, 11, 31, 1157279
What are the prime factors of 687096822?
2, 3, 114516137
List the prime factors of 18785285.
5, 761, 4937
What are the prime factors of 1166967?
3, 14407
What are the prime factors of 2727631425?
3, 5, 1063, 34213
What are the prime factors of 1658901530?
2, 5, 11, 13, 163, 647
List the prime factors of 304219321.
7, 23, 1889561
What are the prime factors of 41532454?
2, 2879, 7213
What are the prime factors of 280825237?
7, 11, 359, 10159
List the prime factors of 156945905.
5, 23, 1364747
What are the prime factors of 3165128231?
821, 3855211
List the prime factors of 764579674.
2, 382289837
What are the prime factors of 3146569?
337, 9337
List the prime factors of 65255190.
2, 3, 5, 7, 11, 13, 41, 53
What are the prime factors of 4564105177?
83, 54989219
What are the prime factors of 157034376?
2, 3, 80779
What are the prime factors of 243353206?
2, 121676603
What are the prime factors of 127990956?
2, 3, 10665913
What are the prime factors of 1007868003?
3, 73, 4602137
List the prime factors of 500184862.
2, 9649, 25919
What are the prime factors of 90781083?
3, 10086787
List the prime factors of 332701645.
5, 17, 1931, 2027
List the prime factors of 36728626.
2, 11, 367, 4549
What are the prime factors of 150603539?
150603539
What are the prime factors of 507037135?
5, 11, 19, 25537
What are the prime factors of 511642356?
2, 3, 42636863
List the prime factors of 206428816.
2, 11, 73, 16067
What are the prime factors of 42842760?
2, 3, 5, 223, 1601
List the prime factors of 19472512.
2, 149, 1021
List the prime factors of 4166756991.
3, 139, 1110247
List the prime factors of 186403167.
3, 19, 363359
What are the prime factors of 560523392?
2, 11, 13, 113, 271
What are the prime factors of 1102905971?
1102905971
List the prime factors of 9560676.
2, 3, 691, 1153
List the prime factors of 1542503195.
5, 308500639
What are the prime factors of 233320930?
2, 5, 1097, 21269
List the prime factors of 28677005.
5, 7, 67, 1747
List the prime factors of 560475923.
7, 3469, 23081
What are the prime factors of 20996487?
3, 727, 3209
What are the prime factors of 37503312?
2, 3, 7, 11, 73, 139
What are the prime factors of 794393891?
794393891
List the prime factors of 126287730.
2, 3, 5, 17, 59, 1399
What are the prime factors of 1884332143?
263, 7164761
What are the prime factors of 674520335?
5, 7321, 18427
What are the prime factors of 279033216?
2, 3, 7, 11, 9437
What are the prime factors of 286392212?
2, 43, 1665071
List the prime factors of 2803809635.
5, 11, 67, 760871
List the prime factors of 805716998.
2, 197, 317, 6451
List the prime factors of 776123957.
7, 110874851
What are the prime factors of 40113860?
2, 5, 2005693
List the prime factors of 20136546.
2, 3, 23, 31, 523
List the prime factors of 12223991.
13, 83, 11329
List the prime factors of 62441661.
3, 20813887
List the prime factors of 3233641432.
2, 7, 57743597
What are the prime factors of 21843600?
2, 3, 5, 109, 167
List the prime factors of 472899769.
2017, 234457
What are the prime factors of 107564570?
2, 5, 1423, 7559
What are the prime factors of 345120920?
2, 5, 61, 141443
List the prime factors of 2495253987.
3, 191, 1451573
List the prime factors of 19757804.
2, 11, 191, 2351
List the prime factors of 279599531.
2689, 103979
List the prime factors of 183948912.
2, 3, 7, 182489
List the prime factors of 149637490.
2, 5, 14963749
List the prime factors of 1664027099.
7, 17, 13983421
List the prime factors of 426116317.
11, 5557, 6971
List the prime factors of 1271423956.
2, 11, 31, 101, 839
What are the prime factors of 155363551?
7, 19, 23, 50789
What are the prime factors of 67797244?
2, 19, 29, 1619
What are the prime factors of 53086104?
2, 3, 17, 61, 79
List the prime factors of 178068146.
2, 89034073
List the prime factors of 1576585832.
2, 197073229
List the prime factors of 54554637.
3, 31, 586609
List the prime factors of 742314764.
2, 185578691
List the prime factors of 6811016172.
2, 3, 567584681
What are the prime factors of 3611408505?
3, 5, 2729, 88223
List the prime factors of 352124580.
2, 3, 5, 53, 110731
List the prime factors of 5706473162.
2, 13, 173, 1268669
What are the prime factors of 432686236?
2, 1091, 99149
What are the prime factors of 54383546?
2, 7, 23, 168893
List the prime factors of 2240982163.
7, 29, 11039321
What are the prime factors of 15520686?
2, 3, 37, 151, 463
List the p